).
25
Let g be -3*12/(16/4). Let v = g + 4. Let l(y) be the second derivative of -y**5/20 - 5*y**4/12 - y**3/6 - y**2 - y. What is l(v)?
3
Let q = 9 - 3. Let h(z) = -6*z**2 + 45242*z - 22624*z + z**3 - 22617*z + 1. Determine h(q).
7
Let n(h) be the second derivative of -h**4/6 + 5*h**3/6 - 5*h**2/2 + 3*h. Let r = 437 + -433. What is n(r)?
-17
Let u = -322 - -310. Let h(b) = b - 4. Determine h(u).
-16
Let q(c) = -4*c + 2. Suppose -s - 23 = 4*n + 2*s, 2*n + 28 = 4*s. Let r = -6 - n. Calculate q(r).
-6
Suppose -r - 3*r - 4*g = -8, -2*r = 4*g. Suppose 0 = 4*q - 5*f + 2, -r*q + f + 17 = -9*q. Let m(d) = 2*d + 435 + d + 432 + d**2 - 868. What is m(q)?
-1
Let v be 384/216 + (-2)/(-9). Let a(g) be the first derivative of 2/3*g**3 + 2*g**v - 3 + 2*g. Calculate a(-2).
2
Suppose z - 2*t = -4*z + 6, -4 = 2*z - 4*t. Let o(p) = -1 + 126*p - p**3 - 127*p + 5*p**z + p**2. Let f = 25 + -19. Give o(f).
-7
Let l(o) = -o**2 + 2*o + 4. Let z be l(-3). Let v be (-2 - (-60)/33) + 20/z. Let n(d) = -d**3 - 5*d**2 - 4*d - 3. What is n(v)?
-7
Let n(m) = -3*m - 4. Let q = -143 - -147. Determine n(q).
-16
Suppose 3 = -2*q + 9. Let h = q + -6. Let m(p) be the third derivative of -p**4/24 - 2*p**3/3 - 2068*p**2. Determine m(h).
-1
Let t(l) = l**3 - 13*l**2 + 16*l - 18. Let g be t(12). Let n = g + -35. Let a(h) = h + 7. Calculate a(n).
2
Suppose 18 = 7*l + 4. Let m(h) = h**3 - 6*h**2 + 1 + h**2 + h**2 - 2. Calculate m(l).
-9
Let h(d) = -5 - 3 - 3 + 5*d - 3 - 4*d. What is h(7)?
-7
Let v(f) be the first derivative of -6*f + 1/3*f**3 + 10 + 7/2*f**2. Calculate v(-8).
2
Let y(h) be the second derivative of 2*h**2 + 7/6*h**3 + 0 - 3*h + 1/24*h**4. Let c(j) be the first derivative of y(j). What is c(0)?
7
Suppose 14 = -5*o + 4*u, u + 34 = -9*o + 4*o. Let j(g) = -3*g + 5*g + 3*g + g**2 + 3 + 0. Determine j(o).
9
Let y(a) = a - 1. Suppose -4*t - o = 61 - 173, 5*t = 5*o + 115. Let i = t + -30. Determine y(i).
-4
Let q(f) be the third derivative of 0*f - 16*f**2 + 0 + 4/3*f**3 + 1/60*f**5 - 3/8*f**4. What is q(7)?
-6
Let z(i) = i**2 - 1. Let k(y) = 2*y**2 - y - 1. Suppose -3*m = 2*q, q = -q - 6. Let h be k(m). Suppose -d = -2*a - 2*d - h, -a = d + 4. Calculate z(a).
0
Let g(f) = -2*f + 4. Let l(k) = -k. Let d(w) = -2*g(w) + 6*l(w). Suppose 0 = -4*q + 15 + 5. Suppose 4*i - 2 = 3*x - 0*i, 0 = -4*x - q*i - 44. What is d(x)?
4
Let r(g) = -g**3 + 8*g**2 + 8*g + 11. Let q be r(9). Let l(v) = 9*v - 5*v + 4*v**q - v**3 - 5*v - 1. Give l(4).
-5
Suppose 0 + 2 = 3*c - o, 0 = -2*o + 8. Let j(s) = 2*s**3 - s**2 + 2*s + 1. What is j(c)?
17
Suppose -3*z + 0*r + 22 = 4*r, -5*r = -5*z - 10. Let f(w) = -3*w + 4. Let u(s) = -10*s + 12. Let j(k) = z*u(k) - 7*f(k). Suppose -3*v + 4 = 16. Determine j(v).
-8
Let x(w) = 6*w**3 - 2*w**2 + 1. Let a(v) = -v**2 + 4*v + 2. Suppose 0 = k + 4*k - 25. Let s be a(k). Let f(g) = -g - 4. Let t be f(s). What is x(t)?
-7
Let u = -12 + 12. Suppose -f - 2*c + 8 = 0, -7*f + 2*f - 2*c + 8 = u. Suppose 7*g - 9*g + 4 = f. Let i(z) = -2*z**2 + 1. Calculate i(g).
-7
Suppose -29*i - 110 = 26*i. Let a(m) = -10*m - 16. What is a(i)?
4
Let l(n) = -5*n**2 + 3. Let j(m) = -7*m**2 + 3. Let v(x) = 3*j(x) - 2*l(x). What is v(2)?
-41
Let g(n) = n**3 + 2*n**2 + n + 12. Let x be g(-3). Let r(m) be the first derivative of -5/4*m**4 + x*m**2 - 3 + 0*m + 0*m**3. What is r(1)?
-5
Let b(i) = -i**2 - 12*i + 5. Suppose 24 = -6*l - 6. Let o(z) = -z - 1. Let r(c) = l*o(c) + b(c). Determine r(-8).
2
Let r = -21 - -23. Suppose x + 3 = -2*i + 13, x + 2 = r*i. Let y(f) = -f + 1. Let p(q) = 4*q - 10. Let a(g) = p(g) + 8*y(g). Give a(i).
-14
Suppose -109 + 21 = -4*y. Let z = 44 - y. Let g(h) = h + 11 + 2 + 6 - z. Calculate g(3).
0
Let d = 22 - 19. Let f be (0 - d) + -3 + 2. Let k(u) = -32*u - 18. Let c(v) = -11*v - 6. Let o(h) = -17*c(h) + 6*k(h). Determine o(f).
14
Let k(i) = 5*i**3 + 16*i**2 + 10*i - 10. Let h(m) = -9*m**3 - 31*m**2 - 20*m + 20. Let n(p) = -4*h(p) - 7*k(p). What is n(-11)?
1
Let u(i) be the second derivative of -13*i**3/3 + i**2/2 - 143*i. Give u(-1).
27
Let s(t) be the second derivative of -t**3/3 + 5*t**2/2 - t. Suppose -4*k + 12 = 76. Let g = 22 + k. Determine s(g).
-7
Suppose 0 = -3*s + s + 2*g + 4, 2*g = -2*s - 4. Let c(z) be the third derivative of 1/3*z**3 + 1/30*z**5 + s + 1/6*z**4 + 0*z + 1/120*z**6 - 2*z**2. Give c(-2).
-6
Let a be (-22)/(-12) - 5/(-30). Suppose 0 = y - 4*y - a*v - 20, 4*y + v = -25. Let p(x) be the first derivative of x**4/4 + 2*x**3 - 6*x + 1. Determine p(y).
-6
Suppose -5*w + 1 - 14 = f, 5*f = 4*w + 51. Let m(u) = 0*u**2 - u**2 + f*u**2 + 1. Let q(n) = -n - 5. Let s be q(-6). Determine m(s).
7
Let o = 26 - 23. Let n(k) be the first derivative of 3 + 2*k - 1/2*k**2 + 1/3*k**3. What is n(o)?
8
Let q(z) be the first derivative of -z**3/3 + 3*z**2/2 + 2*z - 31. Suppose -6 = -0*u - 2*u. Determine q(u).
2
Let v = 20 + -19. Let n(g) = -41*g + 73*g - 33*g + v - 2. Calculate n(7).
-8
Suppose -3*i - 6 = -2*i + 3*h, -i - 12 = 5*h. Suppose i*o - 2 = 1. Let g(j) = -6*j**2 + 33*j. Let l(z) = -z. Let a(u) = -2*g(u) - 66*l(u). What is a(o)?
12
Let y(l) = l**3 + 3*l**2 + 2*l - 2. Let h(p) = 2*p + 5. Let f be h(0). Suppose -f*n + 4*m = 6, 0*m = -2*n - 5*m - 9. Give y(n).
-2
Let z(h) = -h**3 - h**2 - h + 2. Suppose 0 = -6*y - 0*y - 18. Let c be (-3 - y)*6/12. What is z(c)?
2
Let p(g) = -g**3 + 11*g**2 - 5*g - 15. Let t(d) = -d**3 + 10*d**2 - 3*d - 14. Let y(i) = 5*p(i) - 6*t(i). Give y(6).
3
Let z(y) be the second derivative of 1/3*y**3 - 23*y + 0 - 1/10*y**5 + 1/12*y**4 + 0*y**2. What is z(2)?
-8
Let b(u) = 2*u**2 + u + 1. Suppose -5*a - 215 = -80. Let c be (-48)/(-36)*a/(-12). What is b(c)?
22
Let m(h) = h**3 - 7*h**2 - h + 8. Let i be m(7). Let z(x) = -3*x - 5. Let s(k) = -1. Let d(v) = i*s(v) - z(v). What is d(-3)?
-5
Let b be 36/(-2)*(-20)/(-30) - -1. Let u(r) = r + 14. Give u(b).
3
Suppose -17 = -y - 12. Let c(q) = 9*q**2 + 3*q - 1. Let r(x) = -5*x**2 - 2*x. Let l(j) = y*r(j) + 3*c(j). Give l(-3).
18
Let h = -5 + 11. Suppose -h*l = -l - 55. Suppose 4*c = 3 - l. Let f(v) = v + 3. What is f(c)?
1
Let x be 2/(-6)*(-2)/(2/(-15)). Let r be x/1*(135/(-25) + 5). Let m(c) = -9*c - 1. What is m(r)?
-19
Let t(l) = 2*l**2 + l + 1. Let z be t(-1). Let r(i) be the first derivative of -7 + 1/2*i**2 - 2*i. Determine r(z).
0
Let y(q) = q**2 + 2. Let f(l) = -7*l**2 - l - 9. Let z(v) = -f(v) - 5*y(v). Determine z(3).
20
Let v(l) = l**2 - 7*l - 7. Let x be (50/30)/((-3)/(-9)). Determine v(x).
-17
Let t be (5 + -5)/2 - 0. Let a(p) be the first derivative of p**3/3 - 4*p - 1. What is a(t)?
-4
Let o = -16 - -20. Suppose 7*t - 5*w - 18 = 3*t, 0 = o*t - w - 10. Let c(y) = 2 + y**t - 4 - 3 + 4*y + 0*y**2. What is c(-4)?
-5
Let i(u) = 10*u + 125. Let f(b) = -5*b - 62. Let k(a) = -11*f(a) - 6*i(a). Calculate k(-13).
-3
Let m(i) = 8*i + 13*i**2 - 39*i**2 + 8*i**2 + 9*i**2 + 8 + i**3. Determine m(8).
8
Let g(l) be the second derivative of l**5/20 - 3*l**4/4 + 11*l**3/6 - 19*l**2/2 + 6*l. Let n be g(8). Let j(r) = r - 1. Determine j(n).
4
Let g = -132 + 135. Let i(m) be the third derivative of 0 + 1/24*m**4 + 0*m**g + 5*m**2 + 0*m - 1/12*m**5. Calculate i(1).
-4
Let y = -84 + 83. Let x(j) = 1 - j**3 + 2*j + 5*j**3 - 5*j**3 - j**3. What is x(y)?
1
Suppose -5 = -2*m + 1. Let i(a) be the first derivative of a**2 + 2*a + 5 - 1/3*a**3. Determine i(m).
-1
Let t(r) = 4 - 9 + 3*r - 8 + 2. What is t(7)?
10
Let h(p) = -14*p + 22*p - 3*p**2 + 17 + p + 6*p + 4*p**2. Let l be ((-1)/1 - -3)*-7. Let a be h(l). Let w(y) = y**3 - 3*y**2 + 2*y - 1. What is w(a)?
5
Let g(j) be the third derivative of -j**4/24 + j**3/3 - 17*j**2 + 2. What is g(-10)?
12
Let a(r) = r**2 + 20*r - 28*r + 6*r + 1. Give a(4).
9
Let v = -20 + 23. Let u be (11 - v)/(0 + -2). Let p(a) = 0*a - 2*a + 5*a + 6. Determine p(u).
-6
Let b(q) be the third derivative of q**4/24 + q**3 + 3*q**2. Let f be (1/3)/(3 - (-328)/(-108)). Determine b(f).
-3
Let s(f) = -2*f**2 + 13*f - 5. Let l be s(5). Let k = l - 0. Let u(j) = 11*j**2 - k*j**2 + 1 + 2 - j - 2*j. Calculate u(4).
7
Let d be 4/14 + (-23)/7. Let t(j) be the first derivative of j**2/2 - 23. Determine t(d).
-3
Let f(l) = -5 - 5 - 6*l + 3*l - 6*l + l**2. What is f(10)?
0
Let t(x) = 5 + 4*x - 6 + x. Suppose 2*k + 4*o + o - 13 = 0, -4*k + 14 = -2*o. Let s(m) = m**2 - 2*m - 5. Let b be s(k). Determi